s of 9819138.
2, 3, 7, 389, 601
List the prime factors of 467139.
3, 31, 5023
What are the prime factors of 185814?
2, 3, 31, 37
List the prime factors of 8354780.
2, 5, 7, 83, 719
List the prime factors of 2210883.
3, 736961
What are the prime factors of 593457?
3, 337, 587
What are the prime factors of 1053644?
2, 263411
What are the prime factors of 69007?
151, 457
List the prime factors of 589802.
2, 29, 10169
List the prime factors of 846543.
3, 269, 1049
What are the prime factors of 52248?
2, 3, 7, 311
What are the prime factors of 340742?
2, 170371
What are the prime factors of 415016?
2, 7, 7411
List the prime factors of 28653310.
2, 5, 7, 409333
What are the prime factors of 4974936?
2, 3, 97, 2137
What are the prime factors of 7140007?
7, 1020001
What are the prime factors of 1919317?
17, 112901
What are the prime factors of 11549348?
2, 2887337
What are the prime factors of 374369?
113, 3313
What are the prime factors of 131017?
37, 3541
List the prime factors of 5569071.
3, 19, 41, 2383
List the prime factors of 266067.
3, 17, 37, 47
List the prime factors of 2130248.
2, 266281
List the prime factors of 276194.
2, 197, 701
What are the prime factors of 31215341?
293, 106537
What are the prime factors of 8106955?
5, 1621391
List the prime factors of 26747.
7, 3821
List the prime factors of 465119.
465119
What are the prime factors of 114954?
2, 3, 7, 17, 23
List the prime factors of 63513.
3, 7057
List the prime factors of 434476.
2, 7, 59, 263
What are the prime factors of 943368?
2, 3, 23, 1709
What are the prime factors of 465998?
2, 13, 17923
What are the prime factors of 13782719?
2111, 6529
List the prime factors of 1847394.
2, 3, 34211
List the prime factors of 4789819.
23, 208253
What are the prime factors of 63600?
2, 3, 5, 53
List the prime factors of 38133.
3, 19, 223
What are the prime factors of 533297?
533297
What are the prime factors of 807149?
7, 67, 1721
List the prime factors of 1150111.
29, 39659
What are the prime factors of 1960139?
29, 257, 263
What are the prime factors of 836753?
836753
What are the prime factors of 271433?
71, 3823
List the prime factors of 3211826.
2, 1605913
What are the prime factors of 5739152?
2, 358697
What are the prime factors of 126317?
126317
What are the prime factors of 9306678?
2, 3, 1551113
What are the prime factors of 10040631?
3, 3346877
List the prime factors of 19460383.
59, 193, 1709
List the prime factors of 12029233.
421, 28573
What are the prime factors of 555121?
7, 11329
List the prime factors of 1555812.
2, 3, 23, 1879
What are the prime factors of 1465485?
3, 5, 7, 17, 821
What are the prime factors of 3795985?
5, 41, 18517
What are the prime factors of 143469?
3, 19, 839
List the prime factors of 715586.
2, 357793
What are the prime factors of 2021141?
47, 43003
List the prime factors of 88474.
2, 31, 1427
What are the prime factors of 667700?
2, 5, 11, 607
What are the prime factors of 31813?
29, 1097
List the prime factors of 769130.
2, 5, 76913
List the prime factors of 322224.
2, 3, 7, 137
List the prime factors of 8934451.
8934451
What are the prime factors of 3319863?
3, 1106621
What are the prime factors of 22499472?
2, 3, 468739
What are the prime factors of 13073795?
5, 7, 107, 3491
List the prime factors of 211899.
3, 23, 37, 83
What are the prime factors of 11990053?
11990053
List the prime factors of 395328.
2, 3, 29, 71
What are the prime factors of 721347?
3, 11, 21859
What are the prime factors of 1820378?
2, 7, 130027
What are the prime factors of 2236230?
2, 3, 5, 24847
What are the prime factors of 681221?
681221
List the prime factors of 4767189.
3, 7, 137, 1657
What are the prime factors of 23082926?
2, 1993, 5791
List the prime factors of 550327.
353, 1559
What are the prime factors of 1856990?
2, 5, 185699
What are the prime factors of 14518576?
2, 787, 1153
List the prime factors of 51139.
11, 4649
What are the prime factors of 1462353?
3, 61, 131
List the prime factors of 143353.
7, 20479
List the prime factors of 264593.
7, 37799
What are the prime factors of 4400559?
3, 113, 4327
What are the prime factors of 2483125?
5, 29, 137
What are the prime factors of 14381719?
11, 389, 3361
List the prime factors of 880328.
2, 17, 6473
What are the prime factors of 9731232?
2, 3, 7, 1609
What are the prime factors of 231884?
2, 29, 1999
List the prime factors of 3438343.
59, 101, 577
List the prime factors of 120318.
2, 3, 11, 1823
List the prime factors of 2758420.
2, 5, 7, 17, 19, 61
List the prime factors of 14172237.
3, 17, 211, 439
What are the prime factors of 26617?
43, 619
What are the prime factors of 17933972?
2, 7, 640499
What are the prime factors of 470570?
2, 5, 47057
List the prime factors of 7615.
5, 1523
List the prime factors of 12752153.
107, 119179
List the prime factors of 160060.
2, 5, 53, 151
List the prime factors of 336968.
2, 73, 577
List the prime factors of 511495.
5, 102299
List the prime factors of 3831169.
3831169
What are the prime factors of 103518?
2, 3, 71
List the prime factors of 3896021.
293, 13297
List the prime factors of 29365047.
3, 277, 11779
What are the prime factors of 2472396?
2, 3, 206033
List the prime factors of 613948.
2, 153487
What are the prime factors of 2418336?
2, 3, 311
What are the prime factors of 32590772?
2, 8147693
What are the prime factors of 128834?
2, 37, 1741
List the prime factors of 436491.
3, 11, 4409
List the prime factors of 9182080.
2, 5, 14347
List the prime factors of 42375835.
5, 2749, 3083
List the prime factors of 338910.
2, 3, 5, 11, 13, 79
What are the prime factors of 2239187?
109, 20543
What are the prime factors of 22275655?
5, 179, 24889
List the prime factors of 1443069.
3, 19, 29, 97
List the prime factors of 23665976.
2, 2958247
What are the prime factors of 2691577?
7, 29, 13259
List the prime factors of 1325041.
19, 69739
List the prime factors of 162367.
17, 9551
List the prime factors of 195859.
73, 2683
List the prime factors of 1900597.
1900597
What are the prime factors of 19439443?
19439443
What are the prime factors of 933232?
2, 17, 47, 73
List the prime factors of 479.
479
What are the prime factors of 329075?
5, 13163
What are the prime factors of 25999770?
2, 3, 5, 109, 7951
What are the prime factors of 2350916?
2, 31, 18959
List the prime factors of 1843082.
2, 23, 103, 389
List the prime factors of 86448.
2, 3, 1801
List the prime factors of 4531923.
3, 11, 15259
What are the prime factors of 73132?
2, 47, 389
What are the prime factors of 686438?
2, 343219
What are the prime factors of 206727?
3, 68909
What are the prime factors of 944205?
3, 5, 19, 3313
List the prime factors of 2262200.
2, 5, 11311
What are the prime factors of 3276163?
11, 297833
What are the prime factors of 5780857?
5780857
What are the prime factors of 56746?
2, 17, 1669
What are the prime factors of 3575523?
3, 7, 170263
What are the prime factors of 10483139?
10483139
What are the prime factors of 3197406?
2, 3, 109, 4889
What are the prime factors of 23078001?
3, 73, 105379
What are the prime factors of 227537?
227537
List the prime factors of 258952.
2, 32369
What are the prime factors of 67467?
3, 43, 523
List the prime factors of 1739708.
2, 434927
What are the prime factors of 635355?
3, 5, 7, 2017
What are the prime factors of 252505?
5, 11, 4591
What are the prime factors of 219636?
2, 3, 6101
List the prime factors of 77069.
77069
List the prime factors of 4843519.
113, 42863
List the prime factors of 7376988.
2, 3, 614749
What are the prime factors of 17428417?
17, 31, 33071
What are the prime factors of 2999480?
2, 5, 11, 17, 401
What are the prime factors of 3005389?
911, 3299
List the prime factors of 402875.
5, 11, 293
List the prime factors of 11964151.
11964151
What are the prime factors of 12994779?
3, 7, 618799
List the prime factors of 5109128.
2, 23, 27767
What are the prime factors of 295822?
2, 211, 701
What are the prime factors of 279017?
37, 7541
What are the prime factors of 16011491?
37, 432743
List the prime factors of 1395549.
3, 5743
What are the prime factors of 1027465?
5, 205493
List the prime factors of 8702752.
2, 431, 631
What are the prime factors of 270042?
2, 3, 45007
List the prime factors of 107116.
2, 61, 439
List the prim